{"id":762,"date":"2022-10-24T18:06:25","date_gmt":"2022-10-24T16:06:25","guid":{"rendered":"https:\/\/skuteczna-terapia.eu\/?page_id=762"},"modified":"2024-05-12T03:46:35","modified_gmt":"2024-05-12T01:46:35","slug":"blog","status":"publish","type":"page","link":"https:\/\/skuteczna-terapia.eu\/?page_id=762","title":{"rendered":"BLOG"},"content":{"rendered":"\t\t<div data-elementor-type=\"wp-page\" data-elementor-id=\"762\" class=\"elementor elementor-762\">\n\t\t\t\t\t\t<section class=\"elementor-section elementor-top-section elementor-element elementor-element-3acd3fa1 elementor-section-boxed elementor-section-height-default elementor-section-height-default wpr-particle-no wpr-jarallax-no wpr-parallax-no wpr-sticky-section-no\" data-id=\"3acd3fa1\" data-element_type=\"section\" data-e-type=\"section\">\n\t\t\t\t\t\t<div class=\"elementor-container elementor-column-gap-default\">\n\t\t\t\t\t<div class=\"elementor-column elementor-col-100 elementor-top-column elementor-element elementor-element-5a707b9f\" data-id=\"5a707b9f\" data-element_type=\"column\" data-e-type=\"column\">\n\t\t\t<div class=\"elementor-widget-wrap elementor-element-populated\">\n\t\t\t\t\t\t<div class=\"elementor-element elementor-element-eab4e70 animated-slow elementor-invisible elementor-widget elementor-widget-text-editor\" data-id=\"eab4e70\" data-element_type=\"widget\" data-e-type=\"widget\" data-settings=\"{&quot;_animation&quot;:&quot;zoomIn&quot;}\" data-widget_type=\"text-editor.default\">\n\t\t\t\t<div class=\"elementor-widget-container\">\n\t\t\t\t\t\t\t\t\t<p><\/p>\n<p><strong>Witaj!<\/strong> \ud83d\ude0a<\/p>\n<p><\/p>\n<p><\/p>\n<p>Mam na imi\u0119 Isabella.<\/p>\n<p>Ciesz\u0119 si\u0119, \u017ce w\u0142a\u015bnie odwiedzasz moj\u0105 stron\u0119-bloga. Stworzy\u0142am j\u0105 z <strong>g\u0142\u0119bokiej potrzeby i pasji dzielenia<\/strong> si\u0119 swoimi bogatymi do\u015bwiadczeniami mojej <strong>osobistej transformacji i uzdrowienia<\/strong>, zdobytymi podczas wielu lat nauki i praktyki wielu form <strong>terapii, psychologii, oraz duchowego i osobistego rozwoju,<\/strong> poszukiwnia prawdy oraz odpowiedzi na pytania: kim tak naprawd\u0119 jestem i czym jest mi\u0142o\u015b\u0107\u2026?<\/p>\n<p><\/p>\n<p><\/p>\n<p>Na wirtualnych \u201ekartach\u201d tej strony dziel\u0119 si\u0119 z Wami moimi <strong>obserwacjami, refleksjami, wiedz\u0105, darami i <\/strong><strong>owocami\u00a0<\/strong>mojej trwajacej ponad 25 lat podr\u00f3\u017cy\/przemiany, w szczeg\u00f3lno\u015bci tej, kt\u00f3ra mia\u0142a miejsce w ci\u0105gu kilku ostatnich lat, ufaj\u0105c, \u017ce mog\u0105 one <strong>zainspirowa\u0107, wesprze\u0107\u00a0<\/strong>lub\/i<strong> wspom\u00f3c <\/strong>innych w ich transformacji i uzdrowieniu. A by\u0107 mo\u017ce czasem nawet i ostrzec przed niekt\u00f3rymi z\u0142udzeniami i \u201epu\u0142apkami\u201d szczeg\u00f3lnie w temacie tzw. duchowo\u015bci.\u00a0<\/p>\n<p><\/p>\n<p><\/p>\n<p><\/p>\n<p><\/p>\n<p><\/p>\n<p><\/p>\n<p><strong>Urocze miejsce, kt\u00f3re widzisz na powy\u017cszym zdj\u0119ciu, inspirowa\u0142o mnie i wspiera\u0142o<\/strong> swoj\u0105 przyjazn\u0105 atmosfer\u0105 i pi\u0119knem podczas tworzenia tego bloga.<\/p>\n<p><\/p>\n<p><\/p>\n<p>Ka\u017cdy nowy wpis b\u0119dzie widoczny jako zdj\u0119cie z tytu\u0142em na stronie g\u0142\u00f3wnej, tu\u017c pod menu. Wcze\u015bniejsze wpisy, znajdziesz zapisane chronologicznie poni\u017cej.\u00a0<\/p>\n<p><\/p>\n<p><\/p>\n<p><strong>Serdecznie zapraszam do zapoznania si\u0119 z nimi. Mam nadziej\u0119, \u017ce b\u0119d\u0105 dla Ciebie inspiruj\u0105ce.<\/strong><\/p>\n<p><\/p>\n<p><\/p>\n<p>Miej si\u0119 cudnie, pami\u0119taj kim Jeste\u015b i prosz\u0119 zr\u00f3b dzi\u015b co\u015b dobrego dla siebie i innych, pomy\u015bl o sobie i innych \u017cyczliwe. <img decoding=\"async\" class=\"emoji\" role=\"img\" draggable=\"false\" src=\"https:\/\/s.w.org\/images\/core\/emoji\/15.0.3\/svg\/2600.svg\" alt=\"\u2600\ufe0f\" \/><img decoding=\"async\" class=\"emoji\" role=\"img\" draggable=\"false\" src=\"https:\/\/s.w.org\/images\/core\/emoji\/15.0.3\/svg\/2600.svg\" alt=\"\u2600\ufe0f\" \/><img decoding=\"async\" class=\"emoji\" role=\"img\" draggable=\"false\" src=\"https:\/\/s.w.org\/images\/core\/emoji\/15.0.3\/svg\/2600.svg\" alt=\"\u2600\ufe0f\" \/><\/p>\n<p><\/p>\n<p><\/p>\n<p><\/p>\n<p><\/p>\n<p><a href=\"https:\/\/skuteczna-terapia.eu\/?page_id=3\">Polityka prywatno\u015bci<\/a><\/p>\n<p><\/p>\t\t\t\t\t\t\t\t<\/div>\n\t\t\t\t<\/div>\n\t\t\t\t\t<\/div>\n\t\t<\/div>\n\t\t\t\t\t<\/div>\n\t\t<\/section>\n\t\t\t\t<\/div>\n\t\t","protected":false},"excerpt":{"rendered":"<p>Witaj! \ud83d\ude0a Mam na imi\u0119 Isabella. Ciesz\u0119 si\u0119, \u017ce w\u0142a\u015bnie odwiedzasz moj\u0105 stron\u0119-bloga. Stworzy\u0142am j\u0105 z g\u0142\u0119bokiej potrzeby i pasji dzielenia si\u0119 swoimi bogatymi do\u015bwiadczeniami mojej osobistej transformacji i uzdrowienia, zdobytymi podczas wielu lat nauki i praktyki wielu form terapii, psychologii, oraz duchowego i osobistego rozwoju, poszukiwnia prawdy oraz odpowiedzi na pytania: kim tak naprawd\u0119 jestem i czym jest mi\u0142o\u015b\u0107\u2026? Na wirtualnych \u201ekartach\u201d tej strony dziel\u0119 si\u0119 z Wami moimi obserwacjami, refleksjami, wiedz\u0105, darami i owocami\u00a0mojej trwajacej ponad 25 lat podr\u00f3\u017cy\/przemiany, w szczeg\u00f3lno\u015bci tej, kt\u00f3ra mia\u0142a miejsce w ci\u0105gu kilku ostatnich lat, ufaj\u0105c, \u017ce mog\u0105 one zainspirowa\u0107, wesprze\u0107\u00a0lub\/i wspom\u00f3c innych w ich transformacji i uzdrowieniu. A by\u0107 mo\u017ce czasem nawet i ostrzec przed niekt\u00f3rymi z\u0142udzeniami i \u201epu\u0142apkami\u201d szczeg\u00f3lnie w temacie tzw. duchowo\u015bci.\u00a0 Urocze miejsce, kt\u00f3re widzisz na powy\u017cszym zdj\u0119ciu, inspirowa\u0142o mnie i wspiera\u0142o swoj\u0105 przyjazn\u0105 atmosfer\u0105 i pi\u0119knem podczas tworzenia tego bloga. Ka\u017cdy nowy wpis b\u0119dzie widoczny jako zdj\u0119cie z tytu\u0142em na stronie g\u0142\u00f3wnej, tu\u017c pod menu. Wcze\u015bniejsze wpisy, znajdziesz zapisane chronologicznie poni\u017cej.\u00a0 Serdecznie zapraszam do zapoznania si\u0119 z nimi. Mam nadziej\u0119, \u017ce b\u0119d\u0105 dla Ciebie inspiruj\u0105ce. Miej si\u0119 cudnie, pami\u0119taj kim Jeste\u015b i prosz\u0119 zr\u00f3b dzi\u015b co\u015b dobrego dla siebie i innych, pomy\u015bl o sobie i innych \u017cyczliwe. Polityka prywatno\u015bci<\/p>\n","protected":false},"author":1,"featured_media":815,"parent":0,"menu_order":0,"comment_status":"closed","ping_status":"closed","template":"","meta":{"footnotes":""},"class_list":["post-762","page","type-page","status-publish","has-post-thumbnail","hentry"],"_links":{"self":[{"href":"https:\/\/skuteczna-terapia.eu\/index.php?rest_route=\/wp\/v2\/pages\/762","targetHints":{"allow":["GET"]}}],"collection":[{"href":"https:\/\/skuteczna-terapia.eu\/index.php?rest_route=\/wp\/v2\/pages"}],"about":[{"href":"https:\/\/skuteczna-terapia.eu\/index.php?rest_route=\/wp\/v2\/types\/page"}],"author":[{"embeddable":true,"href":"https:\/\/skuteczna-terapia.eu\/index.php?rest_route=\/wp\/v2\/users\/1"}],"replies":[{"embeddable":true,"href":"https:\/\/skuteczna-terapia.eu\/index.php?rest_route=%2Fwp%2Fv2%2Fcomments&post=762"}],"version-history":[{"count":37,"href":"https:\/\/skuteczna-terapia.eu\/index.php?rest_route=\/wp\/v2\/pages\/762\/revisions"}],"predecessor-version":[{"id":2827,"href":"https:\/\/skuteczna-terapia.eu\/index.php?rest_route=\/wp\/v2\/pages\/762\/revisions\/2827"}],"wp:featuredmedia":[{"embeddable":true,"href":"https:\/\/skuteczna-terapia.eu\/index.php?rest_route=\/wp\/v2\/media\/815"}],"wp:attachment":[{"href":"https:\/\/skuteczna-terapia.eu\/index.php?rest_route=%2Fwp%2Fv2%2Fmedia&parent=762"}],"curies":[{"name":"wp","href":"https:\/\/api.w.org\/{rel}","templated":true}]}}