{"id":2564,"date":"2024-05-09T20:47:25","date_gmt":"2024-05-09T18:47:25","guid":{"rendered":"https:\/\/skuteczna-terapia.eu\/?page_id=2564"},"modified":"2026-03-24T14:16:17","modified_gmt":"2026-03-24T13:16:17","slug":"wplata","status":"publish","type":"page","link":"https:\/\/skuteczna-terapia.eu\/?page_id=2564","title":{"rendered":"WP\u0141ATA"},"content":{"rendered":"\t\t<div data-elementor-type=\"wp-page\" data-elementor-id=\"2564\" class=\"elementor elementor-2564\">\n\t\t\t\t\t\t<section class=\"elementor-section elementor-top-section elementor-element elementor-element-c3df9b4 elementor-section-boxed elementor-section-height-default elementor-section-height-default wpr-particle-no wpr-jarallax-no wpr-parallax-no wpr-sticky-section-no\" data-id=\"c3df9b4\" data-element_type=\"section\" data-e-type=\"section\">\n\t\t\t\t\t\t<div class=\"elementor-container elementor-column-gap-default\">\n\t\t\t\t\t<div class=\"elementor-column elementor-col-100 elementor-top-column elementor-element elementor-element-1289e70\" data-id=\"1289e70\" data-element_type=\"column\" data-e-type=\"column\">\n\t\t\t<div class=\"elementor-widget-wrap elementor-element-populated\">\n\t\t\t\t\t\t<div class=\"elementor-element elementor-element-7aef4df elementor-widget__width-initial elementor-invisible elementor-widget elementor-widget-text-editor\" data-id=\"7aef4df\" data-element_type=\"widget\" data-e-type=\"widget\" data-settings=\"{&quot;_animation&quot;:&quot;bounceInDown&quot;}\" data-widget_type=\"text-editor.default\">\n\t\t\t\t<div class=\"elementor-widget-container\">\n\t\t\t\t\t\t\t\t\t<h5 style=\"text-align: center;\">\u00a0<\/h5><h4 style=\"text-align: center;\"><strong>\u00a0WP\u0141ATA NA KONTO<\/strong>\u00a0<\/h4><h4 style=\"text-align: center;\"><span style=\"font-weight: normal;\">Isabella Gosek<\/span>\u00a0<\/h4><h4 style=\"text-align: center;\"><strong>PL40 1140 2004 0000 3702 8547 4374<\/strong><\/h4><h5 style=\"text-align: center;\"><span style=\"letter-spacing: 0.3px;\">tytu\u0142em:\u00a0<\/span>sesja lub konsultacja<\/h5><div>\u00a0<\/div><h4 style=\"text-align: center;\"><span style=\"letter-spacing: 0.3px;\"><img decoding=\"async\" class=\"emoji\" role=\"img\" draggable=\"false\" src=\"https:\/\/s.w.org\/images\/core\/emoji\/17.0.2\/svg\/2763.svg\" alt=\"\u2763\ufe0f\" \/> Prze\u015blij prosz\u0119 potwierdzenie wp\u0142aty <\/span><span style=\"letter-spacing: 0.3px;\">&#8211; kliknij na:\u00a0<\/span><\/h4><h4 style=\"text-align: center;\"><span style=\"font-weight: normal;\"><span style=\"text-decoration: underline;\"><a href=\"mailto:isa.skutecznaterapia@gmail.com\">isa.s<\/a><a href=\"mailto:kutecznaterapia@gmail.com\">kutecznaterapia@gmail.com<\/a><\/span><\/span><\/h4><div><h4>\u00a0<\/h4><h6><strong>\u00a0 \u00a0 \u00a0 \u00a0 \u00a0 \u00a0 \u00a0 \u00a0 \u00a0 DLA OS\u00d3B NIE POSIADAJ\u0104CYCH POLSKIEGO KONTA &#8211; WP\u0141ATA NA PAYPAL + 5%<\/strong><\/h6><h6 style=\"text-align: start;\"><span style=\"text-align: center; letter-spacing: 0.3px;\">\u00a0 \u00a0 \u00a0 \u00a0 \u00a0 \u00a0 \u00a0 \u00a0 \u00a0 \u00a0 \u00a0 \u00a0 \u00a0 \u00a0 \u00a0 \u00a0 \u00a0 \u00a0 \u00a0 \u00a0 \u00a0 \u00a0 \u00a0 \u00a0 \u00a0 \u00a0 \u00a0 \u00a0<span style=\"font-weight: normal;\">\u00a0\u00a0<a style=\"font-size: 18px; text-decoration: underline;\" href=\"https:\/\/www.paypal.com\/paypalme\/isabellagoldflame?v=1&amp;utm_source=unp&amp;utm_medium=email&amp;utm_campaign=RT000269&amp;utm_unptid=bd5e195c-28dd-11ee-97a8-3cecef6afd08&amp;ppid=RT000269&amp;cnac=SE&amp;rsta=sv_SE%28sv-SE%29&amp;cust=AR8JWLW2L3PME&amp;unptid=bd5e195c-28dd-11ee-97a8-3cecef6afd08&amp;calc=017055a305795&amp;unp_tpcid=ppme-social-user-profile-created&amp;page=main%3Aemail%3ART000269&amp;pgrp=main%3Aemail&amp;e=cl&amp;mchn=em&amp;s=ci&amp;mail=sys&amp;appVersion=1.187.0&amp;xt=104038%2C127632\">PayPal.Me\/isabellagoldflame<\/a><\/span><\/span><span style=\"text-align: center; color: #464646; font-family: 'Open Sans'; font-size: 15px; letter-spacing: 0px; font-weight: normal;\">\u00a0<\/span><\/h6><div><span style=\"color: #464646; font-family: 'Open Sans'; font-size: 15px; font-weight: normal; letter-spacing: 0px;\">\u00a0<\/span><\/div><\/div>\t\t\t\t\t\t\t\t<\/div>\n\t\t\t\t<\/div>\n\t\t\t\t\t<\/div>\n\t\t<\/div>\n\t\t\t\t\t<\/div>\n\t\t<\/section>\n\t\t\t\t<\/div>\n\t\t","protected":false},"excerpt":{"rendered":"<p>\u00a0 \u00a0WP\u0141ATA NA KONTO\u00a0 Isabella Gosek\u00a0 PL40 1140 2004 0000 3702 8547 4374 tytu\u0142em:\u00a0sesja lub konsultacja \u00a0 Prze\u015blij prosz\u0119 potwierdzenie wp\u0142aty &#8211; kliknij na:\u00a0 isa.skutecznaterapia@gmail.com \u00a0 \u00a0 \u00a0 \u00a0 \u00a0 \u00a0 \u00a0 \u00a0 \u00a0 \u00a0 DLA OS\u00d3B NIE POSIADAJ\u0104CYCH POLSKIEGO KONTA &#8211; WP\u0141ATA NA PAYPAL + 5% \u00a0 \u00a0 \u00a0 \u00a0 \u00a0 \u00a0 \u00a0 \u00a0 \u00a0 \u00a0 \u00a0 \u00a0 \u00a0 \u00a0 \u00a0 \u00a0 \u00a0 \u00a0 \u00a0 \u00a0 \u00a0 \u00a0 \u00a0 \u00a0 \u00a0 \u00a0 \u00a0 \u00a0\u00a0\u00a0PayPal.Me\/isabellagoldflame\u00a0 \u00a0<\/p>\n","protected":false},"author":1,"featured_media":0,"parent":0,"menu_order":0,"comment_status":"closed","ping_status":"closed","template":"","meta":{"footnotes":""},"class_list":["post-2564","page","type-page","status-publish","hentry"],"_links":{"self":[{"href":"https:\/\/skuteczna-terapia.eu\/index.php?rest_route=\/wp\/v2\/pages\/2564","targetHints":{"allow":["GET"]}}],"collection":[{"href":"https:\/\/skuteczna-terapia.eu\/index.php?rest_route=\/wp\/v2\/pages"}],"about":[{"href":"https:\/\/skuteczna-terapia.eu\/index.php?rest_route=\/wp\/v2\/types\/page"}],"author":[{"embeddable":true,"href":"https:\/\/skuteczna-terapia.eu\/index.php?rest_route=\/wp\/v2\/users\/1"}],"replies":[{"embeddable":true,"href":"https:\/\/skuteczna-terapia.eu\/index.php?rest_route=%2Fwp%2Fv2%2Fcomments&post=2564"}],"version-history":[{"count":62,"href":"https:\/\/skuteczna-terapia.eu\/index.php?rest_route=\/wp\/v2\/pages\/2564\/revisions"}],"predecessor-version":[{"id":3887,"href":"https:\/\/skuteczna-terapia.eu\/index.php?rest_route=\/wp\/v2\/pages\/2564\/revisions\/3887"}],"wp:attachment":[{"href":"https:\/\/skuteczna-terapia.eu\/index.php?rest_route=%2Fwp%2Fv2%2Fmedia&parent=2564"}],"curies":[{"name":"wp","href":"https:\/\/api.w.org\/{rel}","templated":true}]}}